 the remainder when z(-8) is divided by c.
1
Suppose k = -2*a - a + 195, 2*k = 4*a + 440. What is the remainder when 29 is divided by 7/(k/125) + (-1)/6?
1
Let t be 50/7 + 2/(-14). Suppose t*a = 2*a. Suppose -43 = -3*x - 2*s + 7*s, -4*x + 5*s + 49 = a. What is the remainder when 22 is divided by x?
4
Let g(w) = -w**3 + 35*w**2 - 64*w - 33. What is the remainder when 228 is divided by g(33)?
30
Suppose 33 = -3*o + 4*z + 285, 5*o + 5*z - 385 = 0. Calculate the remainder when o is divided by 22.
14
Suppose 3*v - 61 = 5. Let r = 30 - v. Calculate the remainder when 55 is divided by r.
7
Let j = -14 - -18. Calculate the remainder when 10 is divided by ((-10)/j)/(10/(-24)).
4
Let r = 9 + -6. Suppose 3*z + 10 = 6*z + 5*l, -r*z - 3*l + 6 = 0. Suppose 4*i - 5*i + 6 = z. What is the remainder when 8 is divided by i?
2
Let z(q) = 7*q**2. Let l(w) = w**3 - 7*w**2 - 9*w + 10. Let n be l(8). Suppose n*o = 5*j - 2*j - 47, -4 = o. What is the remainder when j is divided by z(-1)?
6
Let b be 3/(-6)*2 - 3. Calculate the remainder when 98 is divided by 6/(1*b/(-22)).
32
Let d = 47 - 13. Suppose -v + d = v. Suppose -m + 10 + v = 0. What is the remainder when 105 is divided by m?
24
Let l be (-338)/(-12) - 7/42. Suppose 4*a + l = 2*i + 3*i, -26 = -5*i + 3*a. Suppose 0 = -5*j + 4*j + i. What is the remainder when 10 is divided by j?
2
Suppose 85*a = 87*a - 66. Calculate the remainder when 40 is divided by a.
7
Let i(o) = -14*o**2 + 7*o + 10. Let y be i(-3). Let q = -68 - y. Calculate the remainder when q is divided by 12.
9
Suppose -7*x + 2*x + 240 = 0. Let h = -8 + 10. Suppose h*w = 3*w - 17. Calculate the remainder when x is divided by w.
14
Let u = -279 + 429. What is the remainder when u is divided by 26?
20
Let y(v) = v**3 + 5*v**2 - 2*v + 5. Suppose -3 = -4*t + 3*t. Suppose 2*d + 8 = t*d. Calculate the remainder when y(-4) is divided by d.
5
Calculate the remainder when 11 is divided by (-91)/(-77) + (-6)/33.
0
Suppose -14 - 1 = -5*g. Suppose -g*z + 12 + 30 = 0. What is the remainder when 2/8 - 219/(-4) is divided by z?
13
Let p = -9 - -21. Let v = 201 + -241. What is the remainder when (-6)/(3 + v/p) is divided by 5?
3
Suppose 2*x = x + 4, 2*x = -5*d - 137. Let a = d + 33. Suppose 3*m - 15 = -3*s, 2*m - 16 - 2 = 2*s. Calculate the remainder when m is divided by a.
3
Let w be 3 - ((2 - -1) + -6). Suppose -5*v + 4*s = -71, 0 + 45 = 3*v - 3*s. What is the remainder when w/3 + 0 + 39 is divided by v?
8
Let o be 4 + (1 - 1)/(-3). Suppose 0 = o*i + r - 88, 0 = -4*r + 7*r. Let q = 33 + 8. Calculate the remainder when q is divided by i.
19
Suppose -68 = -j + 5*j. Let k = 0 - j. Suppose -2*s = -s + 2*x - 29, -3*s + 109 = -5*x. What is the remainder when s is divided by k?
16
Suppose -5*u + 4458 - 488 = 0. What is the remainder when u is divided by 114?
110
Let s = -1334 - -1481. Calculate the remainder when s is divided by 44.
15
Let n = 8 + 25. Calculate the remainder when n is divided by 11.
0
Suppose -4*i - 68 = -4*b, -3*i + 15 = 4*b - 32. What is the remainder when 1*(-7)/(-1)*7 is divided by b?
7
Suppose -2*y - 38 = -4*y. Let w = -11 + y. Suppose 3*q + 205 = w*q. Calculate the remainder when q is divided by 11.
8
Let z = -168 - -176. Suppose 9*f = z*f + 27. Calculate the remainder when 107 is divided by f.
26
Let h(u) = -u - 13. Let y be h(-10). Calculate the remainder when ((-4)/8 + y)/(2/(-124)) is divided by 22.
19
Let c(m) = -2*m**2 - 27*m - 10. Let d be c(-11). What is the remainder when 69 is divided by ((-54)/d)/(1*1/(-30))?
33
Let p(c) = -c - 6. Let o be p(-12). Suppose -m + o = m. Calculate the remainder when 29 is divided by ((-12)/(-5))/(m/10).
5
Suppose -7 = -3*f + 2*f. Let p = 591 - 564. What is the remainder when p is divided by f?
6
Let s = 331 - 224. Suppose -4*m + 5*m + 1 = 0, m - s = -4*p. Calculate the remainder when 78 is divided by p.
24
Suppose 5*q - 4*f = 175 + 1, -5*q + 168 = -2*f. Let p = q + -26. Calculate the remainder when 16 is divided by p.
4
Let t be 10/(-4) - (-3)/6. Let y = 4 - t. Suppose 4*s = -s + 75. Calculate the remainder when s is divided by y.
3
Let g(j) = 6*j**3 - 13*j**2 + 11*j + 1. Let s(x) = -x**3. Let b(t) = -g(t) - 5*s(t). Suppose 0 = 2*k - 24. Calculate the remainder when 42 is divided by b(k).
9
Suppose -9*c + 5*c = -5*u + 124, -2*c + 148 = 5*u. Calculate the remainder when u is divided by 16.
12
Let t(n) be the third derivative of -11*n**4/24 - n**3/6 - 2*n**2. What is the remainder when t(-6) is divided by 33?
32
Suppose 19*g - 35*g = -4512. What is the remainder when 291 is divided by g?
9
Let q be (-3*16/(-60))/(18/315). Let s(g) be the second derivative of g**3/2 - 10*g**2 + g. What is the remainder when s(q) is divided by 5?
2
Suppose -3*d - 2*s - 44 = 0, -1 = -d - s - 16. Calculate the remainder when ((-413)/d)/((-1)/(-2)) is divided by 15.
14
Suppose 1038 = 8*d - 1178. What is the remainder when d is divided by 35?
32
Let k be -2*1*(-729)/6. Calculate the remainder when ((-16)/12 - -2)*k/6 is divided by 1/(2 + -1)*6.
3
Suppose -16*z + 90 - 10 = 0. Calculate the remainder when 1*20 - -1 - 2 is divided by z.
4
Let b(v) = 4*v - 2*v - v + 2. Calculate the remainder when 18 is divided by b(3).
3
Let r(c) = -6*c - 4. Let o(a) = 4*a + 2. Let v be o(-7). Let d = v + 22. Calculate the remainder when 37 is divided by r(d).
17
Suppose 6*w - 407 = -293. Calculate the remainder when 112 is divided by w.
17
Suppose 5*a = -25, 0 = -5*m + 5*a + 86 + 4. What is the remainder when 1765 is divided by m?
10
Suppose -105 + 15 = -2*z. Calculate the remainder when z is divided by 15.
0
Suppose 8*v - v - 21 = 0. Suppose -44 = -5*z - 3*l, 2*l + 50 = v*z + 16. Calculate the remainder when z is divided by 4.
2
Let b(w) = -w**2 + 6*w + 5. Calculate the remainder when 3/3 - (7 - 20) is divided by b(5).
4
Let k(s) = -14*s - 15. Let n(b) = 7*b + 8. Let g(q) = 6*k(q) + 11*n(q). Calculate the remainder when 34 is divided by g(-2).
10
Let i(n) = 176*n**2 - n - 3. Calculate the remainder when i(-1) is divided by 59.
56
Let f(k) = 3*k + 28. Calculate the remainder when 30 is divided by f(-4).
14
Suppose r = 3*s - 9, 9*s + r = 7*s + 11. Calculate the remainder when 9 is divided by s.
1
Let c(y) = -y**3 + 20*y**2 + 16*y + 29. What is the remainder when c(19) is divided by 58?
56
Suppose 4*t + 44 = 568. Calculate the remainder when t is divided by 41.
8
Let n(a) = a. Let o be n(0). Suppose -4*h + 183 = -h. Suppose o = 4*u, -5*f - 3*u = -h - 114. What is the remainder when f is divided by 19?
16
Let q = 329 + -273. Calculate the remainder when q is divided by 46.
10
Let r = 12 - 0. Let x be 1*r/(-16)*-4. Suppose x*m - 64 = -13. What is the remainder when 65 is divided by m?
14
Let q(n) = 12*n**2 - 2*n. Suppose 10691 = 91*c + 8325. Calculate the remainder when q(3) is divided by c.
24
Suppose 4*n + 61 - 757 = 0. Calculate the remainder when n is divided by 22.
20
Suppose -3*h + 12*h - 81 = 0. Suppose 0*s + 882 = h*s. What is the remainder when s is divided by 25?
23
Let n = 418 + -402. Calculate the remainder when 142 is divided by n.
14
Suppose -1218 = 3*v - 6*v. Suppose -5*l + l + v = 5*i, 250 = 3*i + 4*l. Let n = i - 45. What is the remainder when n is divided by 7?
5
Let z(f) = -f**2 + f + 2. Let s be z(0). Suppose -75 = -5*q + 2*i - i, s*i - 60 = -4*q. Let j = 3 + 5. What is the remainder when q is divided by j?
7
Let w = -54 - -73. Calculate the remainder when 20 is divided by w.
1
Suppose -2*a + 7*a - 90 = 0. Let f = a + -9. What is the remainder when f is divided by 6?
3
What is the remainder when 1292/17 - (-1 + 2) is divided by 39?
36
Suppose -6*l + 168 = -0*l. Let q = -6 - -27. Calculate the remainder when q is divided by l/(-6)*36/(-14).
9
Suppose 5*m = 5*o - 5, 2*o - 5*o - 5*m - 29 = 0. Suppose 5*v - 4*f - 90 = 76, -v = -4*f - 30. Calculate the remainder when v is divided by 2/(-3) + (-38)/o.
10
Let i(y) = y + 129. Calculate the remainder when i(18) is divided by 38.
33
Suppose 5*i + 670 = 10*i. Let v = i - 62. Let w(k) = k**2 + k + 15. Calculate the remainder when v is divided by w(0).
12
Let h = -125 + 129. Calculate the remainder when 16 is divided by h.
0
Let q(h) be the third derivative of -h**5/60 + h**4/12 - 5*h**3/6 + 10*h**2. Let f be q(0). Calculate the remainder when 49 is divided by (17/(-2))/(f/10).
15
Let j = 19 + -